3208.
2, 1819151
What are the prime factors of 58633223?
11, 5330293
What are the prime factors of 621622603?
7, 3727, 23827
List the prime factors of 446542290.
2, 3, 5, 29, 31, 5519
What are the prime factors of 1282312895?
5, 71, 3612149
What are the prime factors of 71305519?
29, 41, 59971
List the prime factors of 37031658.
2, 3, 569, 10847
List the prime factors of 72131358.
2, 3, 13, 23, 31, 1297
List the prime factors of 111824905.
5, 31, 721451
What are the prime factors of 70410688?
2, 1100167
List the prime factors of 27916792.
2, 29, 120331
List the prime factors of 46832155.
5, 1447, 6473
List the prime factors of 703647233.
79, 8906927
List the prime factors of 55137636.
2, 3, 89, 17209
List the prime factors of 66630770.
2, 5, 23, 271, 1069
List the prime factors of 1146547183.
31, 4391, 8423
List the prime factors of 6497465758.
2, 7, 19, 79, 44171
List the prime factors of 55404820.
2, 5, 2770241
What are the prime factors of 18940228?
2, 557, 8501
List the prime factors of 1014196226.
2, 443, 1144691
What are the prime factors of 125911571?
17, 7406563
What are the prime factors of 1129591698?
2, 3, 59, 1033, 3089
What are the prime factors of 1078815426?
2, 3, 13, 2267, 6101
What are the prime factors of 317103292?
2, 11, 1303, 5531
List the prime factors of 27024667.
27024667
List the prime factors of 12207342.
2, 3, 7, 23, 12637
List the prime factors of 4819730160.
2, 3, 5, 7, 409841
List the prime factors of 62077843.
467, 132929
List the prime factors of 382016506.
2, 191008253
What are the prime factors of 194686519?
2671, 72889
What are the prime factors of 382042701?
3, 101, 157, 2677
List the prime factors of 303053133.
3, 47, 251, 8563
List the prime factors of 3458867140.
2, 5, 61, 2835137
List the prime factors of 1153386500.
2, 5, 7, 179, 263
What are the prime factors of 1045178995?
5, 7, 23, 29, 44771
What are the prime factors of 6408199?
7, 233, 3929
List the prime factors of 112409399.
112409399
List the prime factors of 67609490.
2, 5, 13, 520073
What are the prime factors of 990515558?
2, 1489, 332611
List the prime factors of 65792041.
7, 19, 494677
What are the prime factors of 38353166?
2, 19176583
What are the prime factors of 104233889?
104233889
List the prime factors of 232981965.
3, 5, 251, 20627
List the prime factors of 2618639451.
3, 19, 47, 97, 3359
What are the prime factors of 53828163?
3, 2251, 2657
List the prime factors of 33184934.
2, 1279, 12973
List the prime factors of 595641647.
595641647
What are the prime factors of 400208179?
7, 1609, 35533
What are the prime factors of 863338673?
61, 14153093
List the prime factors of 4503548502.
2, 3, 250197139
What are the prime factors of 264749693?
13, 20365361
List the prime factors of 38847855.
3, 5, 79, 32783
What are the prime factors of 295959680?
2, 5, 462437
What are the prime factors of 13674759?
3, 7, 651179
List the prime factors of 3089341929.
3, 127, 193, 42013
What are the prime factors of 141739440?
2, 3, 5, 31, 19051
What are the prime factors of 170264575?
5, 13, 139, 3769
List the prime factors of 420592125.
3, 5, 83, 13513
What are the prime factors of 1597953675?
3, 5, 17, 19, 65963
List the prime factors of 195903606.
2, 3, 32650601
List the prime factors of 5278482.
2, 3, 11, 53, 503
What are the prime factors of 15653207?
19, 139, 5927
List the prime factors of 162793313.
43, 3785891
List the prime factors of 106675402.
2, 31, 487, 3533
List the prime factors of 32121103.
7, 307, 14947
List the prime factors of 1419035615.
5, 19, 14937217
What are the prime factors of 64771885?
5, 12954377
List the prime factors of 3438333341.
3438333341
What are the prime factors of 2857433919?
3, 61, 409, 38177
List the prime factors of 5143025771.
13, 395617367
List the prime factors of 48397933.
89, 543797
What are the prime factors of 1196532477?
3, 7, 613, 30983
What are the prime factors of 38219080?
2, 5, 955477
List the prime factors of 2798766251.
139, 20135009
List the prime factors of 97769641.
61, 373, 4297
What are the prime factors of 3563388110?
2, 5, 347, 1026913
List the prime factors of 91295938.
2, 773, 59053
What are the prime factors of 745207665?
3, 5, 17, 2922383
What are the prime factors of 1015218092?
2, 7, 947, 38287
What are the prime factors of 326259213?
3, 7, 15536153
What are the prime factors of 32235408?
2, 3, 8291
List the prime factors of 1877731891.
7, 23, 238019
List the prime factors of 35339259.
3, 19, 619987
List the prime factors of 921637335.
3, 5, 47, 677, 1931
List the prime factors of 7811429958.
2, 3, 283, 1533457
What are the prime factors of 34238146?
2, 17119073
What are the prime factors of 32485669?
79, 411211
List the prime factors of 55038514.
2, 149, 184693
List the prime factors of 322203685.
5, 3067, 21011
List the prime factors of 1752714482.
2, 876357241
List the prime factors of 48348555.
3, 5, 43, 74959
List the prime factors of 296170151.
14699, 20149
List the prime factors of 81062743.
29, 2795267
What are the prime factors of 31838480?
2, 5, 397981
What are the prime factors of 2665260433?
11, 31, 163, 47951
What are the prime factors of 93820077?
3, 13, 727, 1103
What are the prime factors of 39784901?
13, 1063, 2879
List the prime factors of 80283934.
2, 40141967
What are the prime factors of 5296236228?
2, 3, 6917, 21269
List the prime factors of 28397521.
1451, 19571
What are the prime factors of 45593567?
23, 67, 29587
List the prime factors of 1607672346.
2, 3, 7, 19, 106033
What are the prime factors of 1348074?
2, 3, 7, 13, 823
List the prime factors of 15426155.
5, 3085231
List the prime factors of 10105667.
11, 13, 17, 4157
What are the prime factors of 390212292?
2, 3, 32517691
What are the prime factors of 1663241401?
6563, 253427
What are the prime factors of 39051041?
31, 61, 107, 193
List the prime factors of 14702119.
14702119
List the prime factors of 1078210149.
3, 359403383
What are the prime factors of 1634787555?
3, 5, 108985837
What are the prime factors of 484726881?
3, 31, 1187, 4391
What are the prime factors of 276001120?
2, 5, 17, 29, 3499
What are the prime factors of 646474440?
2, 3, 5, 2207, 2441
List the prime factors of 1724131199.
7, 35186351
What are the prime factors of 321508725?
3, 5, 37, 115859
List the prime factors of 108633093.
3, 43, 53, 15889
List the prime factors of 7886028828.
2, 3, 107, 563, 10909
What are the prime factors of 292440127?
7, 41777161
What are the prime factors of 792925466?
2, 37, 463, 23143
What are the prime factors of 911060015?
5, 23, 7922261
List the prime factors of 129431057.
7, 18490151
List the prime factors of 478743151.
109, 1181, 3719
What are the prime factors of 10207478?
2, 29, 175991
List the prime factors of 206244407.
97, 151, 14081
List the prime factors of 802705625.
5, 1284329
What are the prime factors of 820619759?
820619759
List the prime factors of 80320615.
5, 16064123
List the prime factors of 42231218.
2, 521, 40529
List the prime factors of 663477034.
2, 11, 149, 202403
What are the prime factors of 799505457?
3, 683, 390193
List the prime factors of 419575471.
7, 59939353
List the prime factors of 622996854.
2, 3, 419, 247811
What are the prime factors of 152898097?
11, 37, 47, 7993
What are the prime factors of 226062221?
7, 11, 29, 67, 1511
What are the prime factors of 61347030?
2, 3, 5, 2044901
What are the prime factors of 15632205?
3, 5, 557, 1871
What are the prime factors of 27979898?
2, 3163, 4423
List the prime factors of 260313847.
14783, 17609
List the prime factors of 27813029.
113, 246133
What are the prime factors of 739809059?
11, 521, 129089
What are the prime factors of 184499511?
3, 7, 8785691
What are the prime factors of 414203263?
15739, 26317
What are the prime factors of 156082870?
2, 5, 15608287
What are the prime factors of 18438730?
2, 5, 97, 19009
What are the prime factors of 4597884420?
2, 3, 5, 76631407
What are the prime factors of 308620192?
2, 19, 507599
What are the prime factors of 1043500390?
2, 5, 4013, 26003
What are the prime factors of 1012038850?
2, 5, 20240777
What are the prime factors of 100989895?
5, 23, 878173
What are the prime factors of 508231785?
3, 5, 4583, 7393
What are the prime factors of 1603360949?
1603360949
What are the